{"id":2,"date":"2020-06-15T09:31:05","date_gmt":"2020-06-15T09:31:05","guid":{"rendered":"https:\/\/mzagorski.h2g.pl\/be\/corporation2\/?page_id=2"},"modified":"2026-01-21T12:23:48","modified_gmt":"2026-01-21T11:23:48","slug":"sample-page","status":"publish","type":"page","link":"https:\/\/s3invest.pl\/","title":{"rendered":"Strona g\u0142\u00f3wna"},"content":{"rendered":"\t\t<div data-elementor-type=\"wp-page\" data-elementor-id=\"2\" class=\"elementor elementor-2\">\n\t\t\t\t<div class=\"elementor-element elementor-element-a9ec2ba e-grid e-con-full e-con e-parent\" data-id=\"a9ec2ba\" data-element_type=\"container\" data-settings=\"{&quot;background_background&quot;:&quot;classic&quot;}\">\n\t\t\t\t<div class=\"elementor-element elementor-element-9653e42 elementor-widget__width-auto elementor-widget-tablet__width-initial elementor-invisible elementor-widget elementor-widget-heading\" data-id=\"9653e42\" data-element_type=\"widget\" data-settings=\"{&quot;_animation&quot;:&quot;fadeInLeft&quot;}\" data-widget_type=\"heading.default\">\n\t\t\t\t\t<span class=\"elementor-heading-title elementor-size-default\"><h2 style=\"color:#3059c1\">Energia przysz\u0142o\u015bci zaczyna si\u0119 tutaj<\/h2>\n<h4>Zajmujemy si\u0119 kompleksowymi dostawami paneli fotowoltaicznych, falownik\u00f3w i magazyn\u00f3w energii dla du\u017cych instalacji oraz farm PV.<\/h4><\/span>\t\t\t\t<\/div>\n\t\t\t\t<div class=\"elementor-element elementor-element-093aa84 elementor-widget elementor-widget-image\" data-id=\"093aa84\" data-element_type=\"widget\" data-widget_type=\"image.default\">\n\t\t\t\t\t\t\t\t\t\t\t\t\t\t\t<img fetchpriority=\"high\" decoding=\"async\" width=\"960\" height=\"720\" src=\"https:\/\/s3invest.pl\/wp-content\/uploads\/2025\/07\/hero-2.png\" class=\"attachment-large size-large wp-image-449\" alt=\"\" srcset=\"https:\/\/s3invest.pl\/wp-content\/uploads\/2025\/07\/hero-2-100x75.png 100w, https:\/\/s3invest.pl\/wp-content\/uploads\/2025\/07\/hero-2-300x225.png 300w, https:\/\/s3invest.pl\/wp-content\/uploads\/2025\/07\/hero-2-480x360.png 480w, https:\/\/s3invest.pl\/wp-content\/uploads\/2025\/07\/hero-2-500x375.png 500w, https:\/\/s3invest.pl\/wp-content\/uploads\/2025\/07\/hero-2-768x576.png 768w, https:\/\/s3invest.pl\/wp-content\/uploads\/2025\/07\/hero-2.png 960w\" sizes=\"(max-width:767px) 480px, (max-width:960px) 100vw, 960px\" \/>\t\t\t\t\t\t\t\t\t\t\t\t\t\t\t<\/div>\n\t\t\t\t<\/div>\n\t\t\t\t<section class=\"elementor-section elementor-top-section elementor-element elementor-element-53f51c9 elementor-section-stretched elementor-section-content-middle elementor-section-boxed elementor-section-height-default elementor-section-height-default\" data-id=\"53f51c9\" data-element_type=\"section\" id=\"o-s3invest\" data-settings=\"{&quot;stretch_section&quot;:&quot;section-stretched&quot;}\">\n\t\t\t\t\t\t<div class=\"elementor-container elementor-column-gap-wider\">\n\t\t\t\t\t<div class=\"elementor-column elementor-col-50 elementor-top-column elementor-element elementor-element-a079bf9\" data-id=\"a079bf9\" data-element_type=\"column\">\n\t\t\t<div class=\"elementor-widget-wrap elementor-element-populated\">\n\t\t\t\t\t\t<section class=\"elementor-section elementor-inner-section elementor-element elementor-element-59b4d12 elementor-section-boxed elementor-section-height-default elementor-section-height-default\" data-id=\"59b4d12\" data-element_type=\"section\">\n\t\t\t\t\t\t<div class=\"elementor-container elementor-column-gap-default\">\n\t\t\t\t\t<div class=\"elementor-column elementor-col-100 elementor-inner-column elementor-element elementor-element-7243ed3\" data-id=\"7243ed3\" data-element_type=\"column\">\n\t\t\t<div class=\"elementor-widget-wrap elementor-element-populated\">\n\t\t\t\t\t\t<div class=\"elementor-element elementor-element-9367224 elementor-widget elementor-widget-image\" data-id=\"9367224\" data-element_type=\"widget\" data-widget_type=\"image.default\">\n\t\t\t\t\t\t\t\t\t\t\t\t\t\t\t<img decoding=\"async\" width=\"780\" height=\"780\" src=\"https:\/\/s3invest.pl\/wp-content\/uploads\/2025\/07\/corporation2-home-pic1.png\" class=\"attachment-large size-large wp-image-395\" alt=\"\" srcset=\"https:\/\/s3invest.pl\/wp-content\/uploads\/2025\/07\/corporation2-home-pic1-75x75.png 75w, https:\/\/s3invest.pl\/wp-content\/uploads\/2025\/07\/corporation2-home-pic1-150x150.png 150w, https:\/\/s3invest.pl\/wp-content\/uploads\/2025\/07\/corporation2-home-pic1-300x300.png 300w, https:\/\/s3invest.pl\/wp-content\/uploads\/2025\/07\/corporation2-home-pic1-480x480.png 480w, https:\/\/s3invest.pl\/wp-content\/uploads\/2025\/07\/corporation2-home-pic1-500x500.png 500w, https:\/\/s3invest.pl\/wp-content\/uploads\/2025\/07\/corporation2-home-pic1-768x768.png 768w, https:\/\/s3invest.pl\/wp-content\/uploads\/2025\/07\/corporation2-home-pic1.png 780w\" sizes=\"(max-width:767px) 480px, (max-width:780px) 100vw, 780px\" \/>\t\t\t\t\t\t\t\t\t\t\t\t\t\t\t<\/div>\n\t\t\t\t\t<\/div>\n\t\t<\/div>\n\t\t\t\t\t<\/div>\n\t\t<\/section>\n\t\t\t\t\t<\/div>\n\t\t<\/div>\n\t\t\t\t<div class=\"elementor-column elementor-col-50 elementor-top-column elementor-element elementor-element-bd568f3\" data-id=\"bd568f3\" data-element_type=\"column\">\n\t\t\t<div class=\"elementor-widget-wrap elementor-element-populated\">\n\t\t\t\t\t\t<section class=\"elementor-section elementor-inner-section elementor-element elementor-element-0cc7db9 elementor-section-boxed elementor-section-height-default elementor-section-height-default\" data-id=\"0cc7db9\" data-element_type=\"section\">\n\t\t\t\t\t\t<div class=\"elementor-container elementor-column-gap-default\">\n\t\t\t\t\t<div class=\"elementor-column elementor-col-100 elementor-inner-column elementor-element elementor-element-3f5ddcc\" data-id=\"3f5ddcc\" data-element_type=\"column\">\n\t\t\t<div class=\"elementor-widget-wrap elementor-element-populated\">\n\t\t\t\t\t\t<div class=\"elementor-element elementor-element-2fda505 elementor-invisible elementor-widget elementor-widget-text-editor\" data-id=\"2fda505\" data-element_type=\"widget\" data-settings=\"{&quot;_animation&quot;:&quot;fadeInRight&quot;}\" data-widget_type=\"text-editor.default\">\n\t\t\t\t\t\t\t\t\t<h2>O S3 Invest<\/h2><p>Dostarczamy panele fotowoltaiczne, falowniki i magazyny energii dla farm PV i du\u017cych instalacji. Stawiamy na jako\u015b\u0107, niezawodno\u015b\u0107 i sprawdzonych producent\u00f3w. Dzi\u0119ki nam Twoja inwestycja pracuje z maksymaln\u0105 wydajno\u015bci\u0105 \u2013 bez kompromis\u00f3w, bez op\u00f3\u017anie\u0144, z pe\u0142nym wsparciem technicznym.<\/p>\t\t\t\t\t\t\t\t<\/div>\n\t\t\t\t<div class=\"elementor-element elementor-element-51f8ba2 elementor-invisible elementor-widget elementor-widget-text-editor\" data-id=\"51f8ba2\" data-element_type=\"widget\" data-settings=\"{&quot;_animation&quot;:&quot;fadeInRight&quot;}\" data-widget_type=\"text-editor.default\">\n\t\t\t\t\t\t\t\t\tNasze do\u015bwiadczenie obejmuje realizacje na terenie ca\u0142ej Polski \u2013 od projekt\u00f3w przemys\u0142owych po wielkoskalowe farmy fotowoltaiczne. Ka\u017cd\u0105 wsp\u00f3\u0142prac\u0119 opieramy na transparentnych zasadach, elastycznym podej\u015bciu i wsparciu na ka\u017cdym etapie inwestycji \u2013 od doradztwa technicznego po logistyk\u0119 dostaw i serwis posprzeda\u017cowy.\t\t\t\t\t\t\t\t<\/div>\n\t\t\t\t\t<\/div>\n\t\t<\/div>\n\t\t\t\t\t<\/div>\n\t\t<\/section>\n\t\t\t\t\t<\/div>\n\t\t<\/div>\n\t\t\t\t\t<\/div>\n\t\t<\/section>\n\t\t\t\t<section class=\"elementor-section elementor-top-section elementor-element elementor-element-fde70db elementor-section-stretched elementor-section-boxed elementor-section-height-default elementor-section-height-default\" data-id=\"fde70db\" data-element_type=\"section\" id=\"kontakt\" data-settings=\"{&quot;stretch_section&quot;:&quot;section-stretched&quot;,&quot;background_background&quot;:&quot;classic&quot;}\">\n\t\t\t\t\t\t<div class=\"elementor-container elementor-column-gap-wider\">\n\t\t\t\t\t<div class=\"elementor-column elementor-col-100 elementor-top-column elementor-element elementor-element-ceb23a0\" data-id=\"ceb23a0\" data-element_type=\"column\">\n\t\t\t<div class=\"elementor-widget-wrap elementor-element-populated\">\n\t\t\t\t\t\t<section class=\"elementor-section elementor-inner-section elementor-element elementor-element-bccf55e elementor-section-boxed elementor-section-height-default elementor-section-height-default\" data-id=\"bccf55e\" data-element_type=\"section\">\n\t\t\t\t\t\t<div class=\"elementor-container elementor-column-gap-default\">\n\t\t\t\t\t<div class=\"elementor-column elementor-col-100 elementor-inner-column elementor-element elementor-element-3d791fd\" data-id=\"3d791fd\" data-element_type=\"column\">\n\t\t\t<div class=\"elementor-widget-wrap elementor-element-populated\">\n\t\t\t\t\t\t<div class=\"elementor-element elementor-element-8725704 elementor-invisible elementor-widget elementor-widget-text-editor\" data-id=\"8725704\" data-element_type=\"widget\" data-settings=\"{&quot;_animation&quot;:&quot;fadeInDown&quot;}\" data-widget_type=\"text-editor.default\">\n\t\t\t\t\t\t\t\t\t<h3 style=\"text-align: center;\"><span style=\"color: #ffffff;\">Masz pytania?<br> Porozmawiajmy o Twojej inwestycji\n<\/span><\/h3>\n<h5 style=\"text-align: center;\"><span style=\"color: #ffffff;\">Szukasz sprawdzonego partnera w zakresie dostaw dla du\u017cych instalacji PV? Skontaktuj si\u0119 z nami \u2013 doradzimy, przygotujemy ofert\u0119 i zadbamy o ka\u017cdy szczeg\u00f3\u0142 realizacji. Napisz do nas \u2013 odpowiemy szybko i konkretnie.\n<\/span><\/h5>\t\t\t\t\t\t\t\t<\/div>\n\t\t\t\t<div class=\"elementor-element elementor-element-4af9e31 elementor-align-center elementor-invisible elementor-widget elementor-widget-button\" data-id=\"4af9e31\" data-element_type=\"widget\" data-settings=\"{&quot;_animation&quot;:&quot;fadeInDown&quot;}\" data-widget_type=\"button.default\">\n\t\t\t\t\t\t\t\t\t\t<a class=\"elementor-button elementor-button-link elementor-size-sm\" href=\"mailto:info@s3invest.pl\">\n\t\t\t\t\t\t<span class=\"elementor-button-content-wrapper\">\n\t\t\t\t\t\t\t\t\t<span class=\"elementor-button-text\">Napisz do nas<\/span>\n\t\t\t\t\t<\/span>\n\t\t\t\t\t<\/a>\n\t\t\t\t\t\t\t\t<\/div>\n\t\t\t\t\t<\/div>\n\t\t<\/div>\n\t\t\t\t\t<\/div>\n\t\t<\/section>\n\t\t\t\t\t<\/div>\n\t\t<\/div>\n\t\t\t\t\t<\/div>\n\t\t<\/section>\n\t\t<div class=\"elementor-element elementor-element-130bfa9 e-grid e-con-boxed e-con e-parent\" data-id=\"130bfa9\" data-element_type=\"container\" data-settings=\"{&quot;background_background&quot;:&quot;classic&quot;}\">\n\t\t\t\t\t<div class=\"e-con-inner\">\n\t\t\t\t<div class=\"elementor-element elementor-element-ca8ccaa elementor-widget elementor-widget-heading\" data-id=\"ca8ccaa\" data-element_type=\"widget\" data-widget_type=\"heading.default\">\n\t\t\t\t\t<p class=\"elementor-heading-title elementor-size-default\"><img decoding=\"async\" src=\"https:\/\/s3invest.pl\/wp-content\/uploads\/2025\/07\/s3-logo-small.png\" alt=\"Logo\"><br><br>\n<b>S3 INVEST sp. z o.o.<\/b><br><br>\nul.Graniczna 8C<br>\n54-610 Wroc\u0142aw<br><br>\nKRS: 0001004818 \/ NIP :8943199522 \/ REGON: 523763523<\/p>\t\t\t\t<\/div>\n\t\t\t\t<div class=\"elementor-element elementor-element-54d8a57 elementor-widget elementor-widget-text-editor\" data-id=\"54d8a57\" data-element_type=\"widget\" data-widget_type=\"text-editor.default\">\n\t\t\t\t\t\t\t\t\tZajmujemy si\u0119 kompleksowymi dostawami paneli fotowoltaicznych, falownik\u00f3w i magazyn\u00f3w energii dla du\u017cych instalacji oraz farm PV. Wsp\u00f3\u0142pracujemy wy\u0142\u0105cznie ze sprawdzonymi producentami, oferuj\u0105c najwy\u017cszej jako\u015bci komponenty, terminowo\u015b\u0107 i fachowe wsparcie techniczne. Dbamy o to, by ka\u017cda inwestycja by\u0142a wydajna, trwa\u0142a i bezproblemowa.\t\t\t\t\t\t\t\t<\/div>\n\t\t\t\t\t<\/div>\n\t\t\t\t<\/div>\n\t\t<div class=\"elementor-element elementor-element-bd3285e e-grid e-con-boxed e-con e-parent\" data-id=\"bd3285e\" data-element_type=\"container\" data-settings=\"{&quot;background_background&quot;:&quot;classic&quot;}\">\n\t\t\t\t\t<div class=\"e-con-inner\">\n\t\t\t\t<div class=\"elementor-element elementor-element-44b4917 elementor-widget-mobile__width-initial elementor-widget elementor-widget-text-editor\" data-id=\"44b4917\" data-element_type=\"widget\" data-widget_type=\"text-editor.default\">\n\t\t\t\t\t\t\t\t\t<p>s3invest.pl \u00a9 2025<\/p>\t\t\t\t\t\t\t\t<\/div>\n\t\t\t\t\t<\/div>\n\t\t\t\t<\/div>\n\t\t\t\t<\/div>\n\t\t","protected":false},"excerpt":{"rendered":"","protected":false},"author":1,"featured_media":-1,"parent":0,"menu_order":0,"comment_status":"closed","ping_status":"open","template":"","meta":{"footnotes":""},"class_list":["post-2","page","type-page","status-publish","has-post-thumbnail","hentry"],"yoast_head":"<!-- This site is optimized with the Yoast SEO plugin v25.4 - https:\/\/yoast.com\/wordpress\/plugins\/seo\/ -->\n<title>S3 Invest - Nap\u0144\u00f4dzamy zielon\u0144\u00d6 energi\u0144\u00f4!<\/title>\n<meta name=\"description\" content=\"Zajmujemy si\u0144\u00f4 kompleksowymi dostawami paneli fotowoltaicznych, falownik\u221a\u2265w i magazyn\u221a\u2265w energii dla du\u0147\u013eych instalacji oraz farm PV.\" \/>\n<meta name=\"robots\" content=\"index, follow, max-snippet:-1, max-image-preview:large, max-video-preview:-1\" \/>\n<link rel=\"canonical\" href=\"https:\/\/s3invest.pl\/\" \/>\n<meta property=\"og:locale\" content=\"pl_PL\" \/>\n<meta property=\"og:type\" content=\"article\" \/>\n<meta property=\"og:title\" content=\"S3 Invest - Nap\u0144\u00f4dzamy zielon\u0144\u00d6 energi\u0144\u00f4!\" \/>\n<meta property=\"og:description\" content=\"Zajmujemy si\u0144\u00f4 kompleksowymi dostawami paneli fotowoltaicznych, falownik\u221a\u2265w i magazyn\u221a\u2265w energii dla du\u0147\u013eych instalacji oraz farm PV.\" \/>\n<meta property=\"og:url\" content=\"https:\/\/s3invest.pl\/\" \/>\n<meta property=\"og:site_name\" content=\"S3 Invest\" \/>\n<meta property=\"article:modified_time\" content=\"2026-01-21T11:23:48+00:00\" \/>\n<meta name=\"twitter:card\" content=\"summary_large_image\" \/>\n<meta name=\"twitter:label1\" content=\"Szacowany czas czytania\" \/>\n\t<meta name=\"twitter:data1\" content=\"2 minuty\" \/>\n<script type=\"application\/ld+json\" class=\"yoast-schema-graph\">{\"@context\":\"https:\/\/schema.org\",\"@graph\":[{\"@type\":\"WebPage\",\"@id\":\"https:\/\/s3invest.pl\/\",\"url\":\"https:\/\/s3invest.pl\/\",\"name\":\"S3 Invest - Nap\u0144\u00f4dzamy zielon\u0144\u00d6 energi\u0144\u00f4!\",\"isPartOf\":{\"@id\":\"https:\/\/s3invest.pl\/#website\"},\"primaryImageOfPage\":{\"@id\":\"https:\/\/s3invest.pl\/#primaryimage\"},\"image\":{\"@id\":\"https:\/\/s3invest.pl\/#primaryimage\"},\"thumbnailUrl\":\"https:\/\/s3invest.pl\/wp-content\/uploads\/2025\/07\/hero-2.png\",\"datePublished\":\"2020-06-15T09:31:05+00:00\",\"dateModified\":\"2026-01-21T11:23:48+00:00\",\"description\":\"Zajmujemy si\u0144\u00f4 kompleksowymi dostawami paneli fotowoltaicznych, falownik\u221a\u2265w i magazyn\u221a\u2265w energii dla du\u0147\u013eych instalacji oraz farm PV.\",\"breadcrumb\":{\"@id\":\"https:\/\/s3invest.pl\/#breadcrumb\"},\"inLanguage\":\"pl-PL\",\"potentialAction\":[{\"@type\":\"ReadAction\",\"target\":[\"https:\/\/s3invest.pl\/\"]}]},{\"@type\":\"ImageObject\",\"inLanguage\":\"pl-PL\",\"@id\":\"https:\/\/s3invest.pl\/#primaryimage\",\"url\":\"https:\/\/s3invest.pl\/wp-content\/uploads\/2025\/07\/hero-2.png\",\"contentUrl\":\"https:\/\/s3invest.pl\/wp-content\/uploads\/2025\/07\/hero-2.png\",\"width\":960,\"height\":720},{\"@type\":\"BreadcrumbList\",\"@id\":\"https:\/\/s3invest.pl\/#breadcrumb\",\"itemListElement\":[{\"@type\":\"ListItem\",\"position\":1,\"name\":\"Strona g\u0142\u00f3wna\",\"item\":\"https:\/\/s3invest.pl\/\"},{\"@type\":\"ListItem\",\"position\":2,\"name\":\"Strona g\u0142\u00f3wna\"}]},{\"@type\":\"WebSite\",\"@id\":\"https:\/\/s3invest.pl\/#website\",\"url\":\"https:\/\/s3invest.pl\/\",\"name\":\"S3 Invest\",\"description\":\"\",\"publisher\":{\"@id\":\"https:\/\/s3invest.pl\/#organization\"},\"potentialAction\":[{\"@type\":\"SearchAction\",\"target\":{\"@type\":\"EntryPoint\",\"urlTemplate\":\"https:\/\/s3invest.pl\/?s={search_term_string}\"},\"query-input\":{\"@type\":\"PropertyValueSpecification\",\"valueRequired\":true,\"valueName\":\"search_term_string\"}}],\"inLanguage\":\"pl-PL\"},{\"@type\":\"Organization\",\"@id\":\"https:\/\/s3invest.pl\/#organization\",\"name\":\"S3 Invest\",\"url\":\"https:\/\/s3invest.pl\/\",\"logo\":{\"@type\":\"ImageObject\",\"inLanguage\":\"pl-PL\",\"@id\":\"https:\/\/s3invest.pl\/#\/schema\/logo\/image\/\",\"url\":\"https:\/\/s3invest.pl\/wp-content\/uploads\/2025\/07\/cropped-Zrzut-ekranu-2025-07-9-o-22.45.29.png\",\"contentUrl\":\"https:\/\/s3invest.pl\/wp-content\/uploads\/2025\/07\/cropped-Zrzut-ekranu-2025-07-9-o-22.45.29.png\",\"width\":1344,\"height\":375,\"caption\":\"S3 Invest\"},\"image\":{\"@id\":\"https:\/\/s3invest.pl\/#\/schema\/logo\/image\/\"}}]}<\/script>\n<!-- \/ Yoast SEO plugin. -->","yoast_head_json":{"title":"S3 Invest - Nap\u0144\u00f4dzamy zielon\u0144\u00d6 energi\u0144\u00f4!","description":"Zajmujemy si\u0144\u00f4 kompleksowymi dostawami paneli fotowoltaicznych, falownik\u221a\u2265w i magazyn\u221a\u2265w energii dla du\u0147\u013eych instalacji oraz farm PV.","robots":{"index":"index","follow":"follow","max-snippet":"max-snippet:-1","max-image-preview":"max-image-preview:large","max-video-preview":"max-video-preview:-1"},"canonical":"https:\/\/s3invest.pl\/","og_locale":"pl_PL","og_type":"article","og_title":"S3 Invest - Nap\u0144\u00f4dzamy zielon\u0144\u00d6 energi\u0144\u00f4!","og_description":"Zajmujemy si\u0144\u00f4 kompleksowymi dostawami paneli fotowoltaicznych, falownik\u221a\u2265w i magazyn\u221a\u2265w energii dla du\u0147\u013eych instalacji oraz farm PV.","og_url":"https:\/\/s3invest.pl\/","og_site_name":"S3 Invest","article_modified_time":"2026-01-21T11:23:48+00:00","twitter_card":"summary_large_image","twitter_misc":{"Szacowany czas czytania":"2 minuty"},"schema":{"@context":"https:\/\/schema.org","@graph":[{"@type":"WebPage","@id":"https:\/\/s3invest.pl\/","url":"https:\/\/s3invest.pl\/","name":"S3 Invest - Nap\u0144\u00f4dzamy zielon\u0144\u00d6 energi\u0144\u00f4!","isPartOf":{"@id":"https:\/\/s3invest.pl\/#website"},"primaryImageOfPage":{"@id":"https:\/\/s3invest.pl\/#primaryimage"},"image":{"@id":"https:\/\/s3invest.pl\/#primaryimage"},"thumbnailUrl":"https:\/\/s3invest.pl\/wp-content\/uploads\/2025\/07\/hero-2.png","datePublished":"2020-06-15T09:31:05+00:00","dateModified":"2026-01-21T11:23:48+00:00","description":"Zajmujemy si\u0144\u00f4 kompleksowymi dostawami paneli fotowoltaicznych, falownik\u221a\u2265w i magazyn\u221a\u2265w energii dla du\u0147\u013eych instalacji oraz farm PV.","breadcrumb":{"@id":"https:\/\/s3invest.pl\/#breadcrumb"},"inLanguage":"pl-PL","potentialAction":[{"@type":"ReadAction","target":["https:\/\/s3invest.pl\/"]}]},{"@type":"ImageObject","inLanguage":"pl-PL","@id":"https:\/\/s3invest.pl\/#primaryimage","url":"https:\/\/s3invest.pl\/wp-content\/uploads\/2025\/07\/hero-2.png","contentUrl":"https:\/\/s3invest.pl\/wp-content\/uploads\/2025\/07\/hero-2.png","width":960,"height":720},{"@type":"BreadcrumbList","@id":"https:\/\/s3invest.pl\/#breadcrumb","itemListElement":[{"@type":"ListItem","position":1,"name":"Strona g\u0142\u00f3wna","item":"https:\/\/s3invest.pl\/"},{"@type":"ListItem","position":2,"name":"Strona g\u0142\u00f3wna"}]},{"@type":"WebSite","@id":"https:\/\/s3invest.pl\/#website","url":"https:\/\/s3invest.pl\/","name":"S3 Invest","description":"","publisher":{"@id":"https:\/\/s3invest.pl\/#organization"},"potentialAction":[{"@type":"SearchAction","target":{"@type":"EntryPoint","urlTemplate":"https:\/\/s3invest.pl\/?s={search_term_string}"},"query-input":{"@type":"PropertyValueSpecification","valueRequired":true,"valueName":"search_term_string"}}],"inLanguage":"pl-PL"},{"@type":"Organization","@id":"https:\/\/s3invest.pl\/#organization","name":"S3 Invest","url":"https:\/\/s3invest.pl\/","logo":{"@type":"ImageObject","inLanguage":"pl-PL","@id":"https:\/\/s3invest.pl\/#\/schema\/logo\/image\/","url":"https:\/\/s3invest.pl\/wp-content\/uploads\/2025\/07\/cropped-Zrzut-ekranu-2025-07-9-o-22.45.29.png","contentUrl":"https:\/\/s3invest.pl\/wp-content\/uploads\/2025\/07\/cropped-Zrzut-ekranu-2025-07-9-o-22.45.29.png","width":1344,"height":375,"caption":"S3 Invest"},"image":{"@id":"https:\/\/s3invest.pl\/#\/schema\/logo\/image\/"}}]}},"_links":{"self":[{"href":"https:\/\/s3invest.pl\/index.php?rest_route=\/wp\/v2\/pages\/2","targetHints":{"allow":["GET"]}}],"collection":[{"href":"https:\/\/s3invest.pl\/index.php?rest_route=\/wp\/v2\/pages"}],"about":[{"href":"https:\/\/s3invest.pl\/index.php?rest_route=\/wp\/v2\/types\/page"}],"author":[{"embeddable":true,"href":"https:\/\/s3invest.pl\/index.php?rest_route=\/wp\/v2\/users\/1"}],"replies":[{"embeddable":true,"href":"https:\/\/s3invest.pl\/index.php?rest_route=%2Fwp%2Fv2%2Fcomments&post=2"}],"version-history":[{"count":130,"href":"https:\/\/s3invest.pl\/index.php?rest_route=\/wp\/v2\/pages\/2\/revisions"}],"predecessor-version":[{"id":511,"href":"https:\/\/s3invest.pl\/index.php?rest_route=\/wp\/v2\/pages\/2\/revisions\/511"}],"wp:featuredmedia":[{"embeddable":true,"href":"https:\/\/s3invest.pl\/index.php?rest_route=\/"}],"wp:attachment":[{"href":"https:\/\/s3invest.pl\/index.php?rest_route=%2Fwp%2Fv2%2Fmedia&parent=2"}],"curies":[{"name":"wp","href":"https:\/\/api.w.org\/{rel}","templated":true}]}}